 prime factors of r(-1).
3889
Let v(a) = a**3 - 10*a**2 + 2*a + 7. Let q be v(9). Let s = 10 - q. List the prime factors of s.
2, 3, 11
Let n(j) = 65*j**2 + 3*j - 68. List the prime factors of n(6).
2, 5, 229
Suppose -2*q + 3*m = -356, -5*q + q + 5*m + 714 = 0. What are the prime factors of q?
181
Suppose -4*b + 5*v = -2114, -2134 = -4*b - 2*v - 3*v. What are the prime factors of b?
3, 59
Let p = -64 + 68. Suppose -p*b = k - 0*k - 74, -k + 3*b = -60. What are the prime factors of k?
2, 3, 11
Suppose -k - 2*u - 10 = 0, -k + 3*u = u - 10. Let i be (-14 - k)/(14/(-7)). Let l(d) = d**3 - 8*d**2 + 9*d - 4. What are the prime factors of l(i)?
2, 5
Suppose 59 = 5*r + 14. Let t = r - 5. Suppose -13 - 307 = -t*y. List the prime factors of y.
2, 5
Let x(c) = 4 + 8 + 307*c - 317*c. What are the prime factors of x(-6)?
2, 3
What are the prime factors of (16 - 1)/((-45)/(-1005))?
5, 67
Suppose 0 = 1205*j - 1209*j + 7140. What are the prime factors of j?
3, 5, 7, 17
Let f = -6 - 6. List the prime factors of 171/3*(-8)/f.
2, 19
Let f = -89 + 141. Let m(w) = 5*w + 42. Let b be m(-8). Suppose 0*y + f = b*y. List the prime factors of y.
2, 13
Let j be (3 + -2)/(3/144). Suppose -16*b + 18*b = j. What are the prime factors of b?
2, 3
Let b(d) = d**2 - 4*d + 5. Let s be b(2). Suppose 2*a = a - s. Let j = a - -9. What are the prime factors of j?
2
Suppose 0 = -8*j + 4*j + 2048. Suppose -2*k + j = 2*k. Suppose 3*m - 92 = -2*n, 0 = 4*m + n + 3*n - k. What are the prime factors of m?
2, 7
Let w be -6*((-3)/9 + 0 + 1). What are the prime factors of w/((-4)/9)*(24 - 1)?
3, 23
Suppose -4*k = -v - v + 24, 3*k + 12 = 0. Suppose v*s + 19 = x, x + 4*x = -s + 137. What are the prime factors of x?
3
Suppose -3*t + 5*k - 6*k + 10511 = 0, 2*k - 3512 = -t. List the prime factors of t.
2, 17, 103
Suppose -8395 = -64*n + 59*n. List the prime factors of n.
23, 73
List the prime factors of -4 - (-14 - -6) - (-3890)/2.
1949
Let w be (-3)/(-2) + 45/10 + -4. Suppose 0 = y - 5 - w. What are the prime factors of y?
7
Let s = 432 - 253. Let b = s + -84. List the prime factors of b.
5, 19
Let i = -6 + 5. Let c be -4*(2 + i)*-1. Suppose c = -3*y + 5*o - 2, -o = 5*y - 18. List the prime factors of y.
3
Let y(j) = 2*j**2 - 15*j - 4. Let h be y(8). Suppose -h*m + 363 = 5*d, m = d + d - 153. What are the prime factors of d?
3, 5
Suppose 5*b + 2*h = h + 165, 0 = -h. Suppose b + 43 = 4*c. List the prime factors of c.
19
Suppose 4*s - 146 = 5*s. Let o = s - -245. What are the prime factors of o?
3, 11
Let y(a) = -a**3 - 9*a**2 + 9*a - 7. Let x be y(-10). Suppose 0 + x = p. What are the prime factors of p?
3
Let q = 5 + -5. What are the prime factors of 45 - (0 - q/5)?
3, 5
Let r be 0*(5/(-10) - 0). Suppose r*l + 11 = l. What are the prime factors of l?
11
Let l(s) = 9*s**2 - 8*s + 56. List the prime factors of l(-13).
41
What are the prime factors of (-57)/24 + 2 - 3864/(-64)?
2, 3, 5
Suppose 14*o - 4 = 12*o. List the prime factors of o/4 + (-908)/(-8).
2, 3, 19
Suppose -850*p = -848*p - 1320. List the prime factors of p.
2, 3, 5, 11
Let u(j) = -j**2 - 5*j + 5. Let d be u(-5). Let l = 11 - -13. Suppose -r + d*n - n = -l, 137 = 3*r + n. List the prime factors of r.
2, 11
Let b be (-16 + 16)/(1 + 0). What are the prime factors of 10*(-5 + 24) - (1 - b)?
3, 7
Let n(y) = -y**3 + 26*y**2 - 3*y - 9. List the prime factors of n(22).
1861
Let i(h) = -6*h + 13. Suppose q + 0 = 10. Let u be i(q). Let p = u - -113. List the prime factors of p.
2, 3, 11
Suppose 0*c - 2*c + 2 = 0, 4*k = 3*c - 623. List the prime factors of (-5)/(10/4) + -2 - k.
151
Let v(f) = 2*f + 1 - 3*f - 5. Let h be v(-6). Suppose h*u - 5 = 5. List the prime factors of u.
5
Let o be 2 + -20 + (-14)/(-7). Let a = o + 60. List the prime factors of a.
2, 11
Suppose 3 + 3 = 2*b. Let m be b/(-9)*(-3)/1. Suppose 4*a - 14 = -2*j + 52, j + m = 0. What are the prime factors of a?
17
Let h(c) = -320*c + 85. List the prime factors of h(-6).
5, 401
Let v(c) = -c - 2. Let g be v(-8). Suppose -27 = -g*i + 3*i. What are the prime factors of i?
3
Let v = -57 + 57. Suppose v = -3*a + a + 228. What are the prime factors of a?
2, 3, 19
Let v(m) = -m**3 - 30*m**2 + 39*m + 164. What are the prime factors of v(-33)?
2, 67
Let w(t) = -125*t - 59. List the prime factors of w(-12).
11, 131
Suppose -3*f - 1013 = -4*a, -992 = -0*a - 4*a - 4*f. Suppose 183 = 2*l - a. What are the prime factors of l?
7, 31
Let k = -645 - -1158. List the prime factors of k.
3, 19
Suppose -2*h - 5*j = -1336, 8*h - 2*j = 3*h + 3311. What are the prime factors of h?
3, 13, 17
Let i(j) = j + 26. Let b be i(-20). What are the prime factors of 1088/12 + 2/b?
7, 13
Let g(c) = -c + 10. Let o be g(5). Suppose -4*n - 5*h = -6*n - 10, 9 = o*n - 4*h. Suppose n*s - 31 - 4 = 0. What are the prime factors of s?
7
Suppose 2*i - 40 = -4*k, -k - 2*i = k - 16. Suppose k*u = 9*u + 213. What are the prime factors of u?
71
Let n(m) = -m**2 + 8*m - 9. Let d be n(4). What are the prime factors of 2/4*(d - 9) - -24?
23
Let s(m) = m**2 + 8*m + 1. Let a be s(-9). Let f = a - 5. What are the prime factors of f?
5
Suppose -m - 4 = 2*g, 0*g = 3*g - m + 16. Let x be ((-2)/(-2))/(g/(-568)). Suppose 0 = -5*o - 2*v + x, -5*o + 61 + 97 = -2*v. What are the prime factors of o?
2, 3, 5
Let o(m) = 2*m + 6. Let c be o(0). Let g be c/(-9) + (-76)/(-6). Suppose 4*j + 14 = l - g, 0 = 2*l - 5*j - 67. List the prime factors of l.
2, 23
Let r(y) = 99*y. Let v be ((-7)/14)/((-1)/((-6)/(-3))). What are the prime factors of r(v)?
3, 11
Suppose -22*l + 34*l - 648 = 0. What are the prime factors of l?
2, 3
Suppose 1108*v - 18904 = 1100*v. List the prime factors of v.
17, 139
Suppose 1370 = 5*u + 5*c, 15*c - 11*c - 1644 = -6*u. What are the prime factors of u?
2, 137
Let d(p) = p - 4. Let k be d(-11). Let i be (48/k)/((-3)/(-15)). Let l = i - -71. What are the prime factors of l?
5, 11
Let l = -631 - -886. What are the prime factors of l?
3, 5, 17
Let s = 5 - 1. Suppose q - 30 = -5*w + 77, q = -3*w + 65. Suppose w + s = t. What are the prime factors of t?
5
Let l = 847 + -536. What are the prime factors of l?
311
Suppose -h + 351 = 2*k, -5*k = -4*h - 8*k + 1409. List the prime factors of h.
353
Let s(c) = c**2 - 4*c + 5. Let b = -10 - -18. List the prime factors of s(b).
37
Let z(f) = 37*f + 191. What are the prime factors of z(6)?
7, 59
Let q(d) be the third derivative of -9*d**5/40 - d**4/24 - 5*d**3/6 + 7*d**2. Let l(i) be the first derivative of q(i). What are the prime factors of l(-1)?
2, 13
Let m be (-57)/2 + 1/2. Let k = 143 + m. What are the prime factors of k?
5, 23
Suppose 2*r + r - 9 = 0. Let j be 3 - (r - 1 - -1). Suppose 5*o - 4*c - 212 = j, -2*o = -o - c - 42. What are the prime factors of o?
2, 11
Suppose -81 + 6 = -5*d. Suppose -2*y + d*y = 2743. List the prime factors of y.
211
Suppose 0 = -3*s + 174 + 117. Suppose -g = k + k - 37, s = 5*k + 4*g. What are the prime factors of (7 + 1)*(k - 11)?
2, 3
Suppose 839 = 2*t + 5*b - 0*b, -5*b - 442 = -t. List the prime factors of t.
7, 61
List the prime factors of (-65400)/(-27) - (-12)/(-54).
2, 7, 173
Let u be (-1)/(-2)*0/(-6). Suppose 2*b - 514 = l, -4*b - 2*l + 370 + 650 = u. Suppose b = 5*d - 2*m, -m + 48 = 3*d - 110. List the prime factors of d.
2, 13
Suppose 33*m - 3571 - 2963 = 0. List the prime factors of m.
2, 3, 11
Suppose 8*y = 131 + 133. List the prime factors of y.
3, 11
Let d(h) = h**2 - 14*h + 12. Let r be d(11). Let l = -15 - r. List the prime factors of 88/l + 1/3.
3, 5
Suppose -3*q = 3*h - 393, 4*q - 512 = -4*h + 3*q. List the prime factors of h.
127
Suppose -11*d + 16 = -160. Let i = d - -27. List the prime factors of i.
43
Suppose -a + 1543 = 5*h, -5*a - 32 = h - 355. List the prime factors of h.
2, 7, 11
Let f be (608/(-8))/((-1)/(-6)). List the prime factors of (f/30)/(2/(-5)).
2, 19
Suppose 0 = -0*p - 9*p + 45. Suppose 0 = -p*c + 4*x + 174, -2*c - 4*x + x + 65 = 0. What are the prime factors of c?
2, 17
Let h(z) = z**2 - z - 7. Let r be h(-3). Suppose 0*g = -k - 3*g + 28, 3*g = r*k - 122. What are the prime factors of k?
5
Suppose 4*i = -20 + 72. Let q(n) = 2*n + 61. Let w be q(-5). Let o = w - i. List the prime factors of o.
2, 19
Let v = -366 + 1112. List the prime factors of v.
2, 373
Let k(z) = -342*z + 1604. What are the prime factors of k(-7)?